{"id":6031,"date":"2018-07-24T20:58:47","date_gmt":"2018-07-24T18:58:47","guid":{"rendered":"http:\/\/musikverein-margretenhaun.de\/?page_id=6031"},"modified":"2018-07-24T20:58:47","modified_gmt":"2018-07-24T18:58:47","slug":"kirchenmusikalische-andacht-2017","status":"publish","type":"page","link":"http:\/\/musikverein-margretenhaun.de\/index.php\/kirchenmusikalische-andacht-2017\/","title":{"rendered":"Kirchenmusikalische Andacht 2017"},"content":{"rendered":"<h2>&nbsp;<\/h2>\n<h2>R\u00fcckblick Kirchenmusikalische Andacht 2017<\/h2>\n<p><img loading=\"lazy\" decoding=\"async\" class=\"alignleft wp-image-6023\" src=\"http:\/\/musikverein-margretenhaun.de\/wp-content\/uploads\/2018\/01\/Kirchenmusikalische-Andacht-2017.jpg\" alt=\"\" width=\"666\" height=\"444\" srcset=\"http:\/\/musikverein-margretenhaun.de\/wp-content\/uploads\/2018\/01\/Kirchenmusikalische-Andacht-2017.jpg 1386w, http:\/\/musikverein-margretenhaun.de\/wp-content\/uploads\/2018\/01\/Kirchenmusikalische-Andacht-2017-300x200.jpg 300w, http:\/\/musikverein-margretenhaun.de\/wp-content\/uploads\/2018\/01\/Kirchenmusikalische-Andacht-2017-768x512.jpg 768w, http:\/\/musikverein-margretenhaun.de\/wp-content\/uploads\/2018\/01\/Kirchenmusikalische-Andacht-2017-1024x683.jpg 1024w, http:\/\/musikverein-margretenhaun.de\/wp-content\/uploads\/2018\/01\/Kirchenmusikalische-Andacht-2017-600x400.jpg 600w\" sizes=\"auto, (max-width: 666px) 100vw, 666px\" \/><\/p>\n<p>&nbsp;<\/p>\n<p>&nbsp;<\/p>\n<p>&nbsp;<\/p>\n<p>&nbsp;<\/p>\n<p>&nbsp;<\/p>\n<p>&nbsp;<\/p>\n<p>&nbsp;<\/p>\n<p>&nbsp;<\/p>\n<p>&nbsp;<\/p>\n<p>&nbsp;<\/p>\n<p>&nbsp;<\/p>\n<p>&nbsp;<\/p>\n<p>&nbsp;<\/p>\n<p>Zur Kirchenmusikalischen Andacht hatte der Musikverein Margretenhaun am 2. Advent in die Pfarrkirche St. Margareta Margretenhaun eingeladen.<\/p>\n<p>Die Andacht stand unter der Leitung von Sophia Reinhard.<\/p>\n<p>Nach \u201eIrish Dream\u201c und der anschlie\u00dfenden Begr\u00fc\u00dfung durch Pfarrer Andreas Matth\u00e4i folgte \u201eSinfonia Arioso\u201c aus der Kantate Nr. 156 von J. S. Bach. Die Gr\u00f6\u00dfe erhabener Kathedralen konnten die Besucher bei \u201eHighland Cathedral\u201c direkt sp\u00fcren. Es folgte mit \u201eVom Himmel hoch ihr Engel kommt\u201c die Aufforderung an die Engel des Himmels, auf die Erde zu kommen und dem neugeborenen Jesuskind ein Wiegenlied zu musizieren.<br \/>\nZwischendurch luden kurze Texte und Geschichten, vorgetragen von Susanne Heller und Pfarrer Matth\u00e4i, zum Nachdenken ein.<br \/>\nDie anschlie\u00dfend gespielte Melodie von \u201eHark, the herold angels sing\u201c geht auf Felix Mendelssohn Bartholdy zur\u00fcck. \u201eIt\u2019s gonna be a cold christmas\u201c lie\u00df die Besucher der Andacht von einer wei\u00dfen Weihnacht tr\u00e4umen. Bei \u201eMaria war alleine\u201c und \u201eS\u00fc\u00dfer die Glocken nie klingen\u201c waren sie zum Mitsingen eingeladen. Mit \u201eHeal the world\u201c von Michael Jackson und der geforderten Zugabe \u201eCantabile for winds\u201c fand die Andacht einen w\u00fcrdigen Abschluss.<\/p>\n<p>Die gro\u00dfz\u00fcgigen Spenden der Besucher kamen dem Hospiz St. Elisabeth zu Fulda zugute.<\/p>\n","protected":false},"excerpt":{"rendered":"<p>&nbsp; R\u00fcckblick Kirchenmusikalische Andacht 2017 &nbsp; &nbsp; &nbsp; &nbsp; &nbsp; &nbsp; &nbsp; &nbsp; &nbsp; &nbsp; &nbsp; &nbsp; &nbsp; Zur Kirchenmusikalischen Andacht hatte der Musikverein Margretenhaun am 2. Advent in die &#8230;<\/p>\n","protected":false},"author":1,"featured_media":0,"parent":0,"menu_order":0,"comment_status":"closed","ping_status":"closed","template":"","meta":{"ngg_post_thumbnail":0,"footnotes":""},"class_list":["post-6031","page","type-page","status-publish","hentry"],"_links":{"self":[{"href":"http:\/\/musikverein-margretenhaun.de\/index.php\/wp-json\/wp\/v2\/pages\/6031","targetHints":{"allow":["GET"]}}],"collection":[{"href":"http:\/\/musikverein-margretenhaun.de\/index.php\/wp-json\/wp\/v2\/pages"}],"about":[{"href":"http:\/\/musikverein-margretenhaun.de\/index.php\/wp-json\/wp\/v2\/types\/page"}],"author":[{"embeddable":true,"href":"http:\/\/musikverein-margretenhaun.de\/index.php\/wp-json\/wp\/v2\/users\/1"}],"replies":[{"embeddable":true,"href":"http:\/\/musikverein-margretenhaun.de\/index.php\/wp-json\/wp\/v2\/comments?post=6031"}],"version-history":[{"count":0,"href":"http:\/\/musikverein-margretenhaun.de\/index.php\/wp-json\/wp\/v2\/pages\/6031\/revisions"}],"wp:attachment":[{"href":"http:\/\/musikverein-margretenhaun.de\/index.php\/wp-json\/wp\/v2\/media?parent=6031"}],"curies":[{"name":"wp","href":"https:\/\/api.w.org\/{rel}","templated":true}]}}

<h2>&nbsp;</h2>
<h2>Rückblick Kirchenmusikalische Andacht 2017</h2>
<p><img loading="lazy" decoding="async" class="alignleft wp-image-6023" src="http://musikverein-margretenhaun.de/wp-content/uploads/2018/01/Kirchenmusikalische-Andacht-2017.jpg" alt="" width="666" height="444" srcset="http://musikverein-margretenhaun.de/wp-content/uploads/2018/01/Kirchenmusikalische-Andacht-2017.jpg 1386w, http://musikverein-margretenhaun.de/wp-content/uploads/2018/01/Kirchenmusikalische-Andacht-2017-300x200.jpg 300w, http://musikverein-margretenhaun.de/wp-content/uploads/2018/01/Kirchenmusikalische-Andacht-2017-768x512.jpg 768w, http://musikverein-margretenhaun.de/wp-content/uploads/2018/01/Kirchenmusikalische-Andacht-2017-1024x683.jpg 1024w, http://musikverein-margretenhaun.de/wp-content/uploads/2018/01/Kirchenmusikalische-Andacht-2017-600x400.jpg 600w" sizes="auto, (max-width: 666px) 100vw, 666px" /></p>
<p>&nbsp;</p>
<p>&nbsp;</p>
<p>&nbsp;</p>
<p>&nbsp;</p>
<p>&nbsp;</p>
<p>&nbsp;</p>
<p>&nbsp;</p>
<p>&nbsp;</p>
<p>&nbsp;</p>
<p>&nbsp;</p>
<p>&nbsp;</p>
<p>&nbsp;</p>
<p>&nbsp;</p>
<p>Zur Kirchenmusikalischen Andacht hatte der Musikverein Margretenhaun am 2. Advent in die Pfarrkirche St. Margareta Margretenhaun eingeladen.</p>
<p>Die Andacht stand unter der Leitung von Sophia Reinhard.</p>
<p>Nach „Irish Dream“ und der anschließenden Begrüßung durch Pfarrer Andreas Matthäi folgte „Sinfonia Arioso“ aus der Kantate Nr. 156 von J. S. Bach. Die Größe erhabener Kathedralen konnten die Besucher bei „Highland Cathedral“ direkt spüren. Es folgte mit „Vom Himmel hoch ihr Engel kommt“ die Aufforderung an die Engel des Himmels, auf die Erde zu kommen und dem neugeborenen Jesuskind ein Wiegenlied zu musizieren.<br />
Zwischendurch luden kurze Texte und Geschichten, vorgetragen von Susanne Heller und Pfarrer Matthäi, zum Nachdenken ein.<br />
Die anschließend gespielte Melodie von „Hark, the herold angels sing“ geht auf Felix Mendelssohn Bartholdy zurück. „It’s gonna be a cold christmas“ ließ die Besucher der Andacht von einer weißen Weihnacht träumen. Bei „Maria war alleine“ und „Süßer die Glocken nie klingen“ waren sie zum Mitsingen eingeladen. Mit „Heal the world“ von Michael Jackson und der geforderten Zugabe „Cantabile for winds“ fand die Andacht einen würdigen Abschluss.</p>
<p>Die großzügigen Spenden der Besucher kamen dem Hospiz St. Elisabeth zu Fulda zugute.</p>

<p>&nbsp; Rückblick Kirchenmusikalische Andacht 2017 &nbsp; &nbsp; &nbsp; &nbsp; &nbsp; &nbsp; &nbsp; &nbsp; &nbsp; &nbsp; &nbsp; &nbsp; &nbsp; Zur Kirchenmusikalischen Andacht hatte der Musikverein Margretenhaun am 2. Advent in die &#8230;</p>
